47 + 910 = 11*x. What is the units digit of x?
7
Let w(y) = -y**3 + 11*y**2 + 14*y + 10. What is the tens digit of w(12)?
3
Let r(l) = -2*l**2 + 15*l - 8. Let u be r(7). What is the tens digit of (-7 + u)/(-2) - -6?
1
Suppose 0 = -i - b + 209, 0 = i - 6*i - 3*b + 1045. What is the tens digit of i?
0
Let f(a) = -3*a**3 - 13*a**2 + a. What is the tens digit of f(-6)?
7
Let w(v) = -2*v**2 + 4*v + 2. Let r be w(5). What is the units digit of (r/6)/(2/(-9))?
1
Let l(w) = -w**2 + 9*w + 1. Let g be 6/3*11/2. Let c be l(g). What is the units digit of (-2)/7 + (-132)/c?
6
Suppose -a - a + 8 = 0. Suppose -5*c = a*j - 6 + 3, 3*j + 6 = -c. What is the units digit of c?
3
Let s be ((-4)/(-3))/((-6)/(-9)). Let d = 1 + s. What is the units digit of d?
3
Let j(w) = -4*w**2 - 22*w - 5. Let v(m) = 3*m**2 + 15*m + 3. Let l(h) = -5*j(h) - 7*v(h). Let s be l(5). Suppose -4*t = -s - 32. What is the units digit of t?
9
Suppose 4*d - 24 = -4*t, 5*d - 4*t = d - 8. Let v = d + 9. What is the tens digit of v?
1
Let y be 6/2*(-2 + 1). Let m(l) = -8*l - 5. What is the tens digit of m(y)?
1
Suppose 2*l - 134 = -4*x, 2*l + 12 = x - 29. What is the tens digit of x?
3
Let h(t) = t**3 - 5*t**2 + 2*t - 6. Let m be h(5). Suppose 63 + 13 = m*y. What is the units digit of y?
9
Suppose 23 = w + 4*o, -4*w + 23 = 4*o - 45. What is the units digit of w?
5
Let w be (5/2)/((-8)/(-16)). Suppose -29 = -3*b + y - 73, -b = w*y + 36. Let u = b - -28. What is the units digit of u?
2
Let l = 82 - 6. What is the units digit of l?
6
Suppose 8 = -4*j - 12. Let n = j + 12. What is the units digit of n?
7
Suppose -j - 8 = -3, 3*d = -2*j + 47. Let a = 37 - d. What is the tens digit of a?
1
What is the tens digit of ((-186)/5)/(26/(-65))?
9
What is the units digit of (-4)/6*(2 + -17)?
0
What is the hundreds digit of (-6979)/(-42) + -1 + (-15)/(-18)?
1
Let y(g) = -g**2 + 15*g + 21. Let c be y(16). Suppose 0*r + 4*z = 2*r - 20, -30 = -3*r + c*z. What is the units digit of r?
0
Let n be (-8)/(-4) + 1 + 3. Suppose a + 4*m + n = 3*a, -2*a + m = -9. Suppose 0 = 3*w - 7 - a. What is the units digit of w?
4
Let s(m) = -m**2 - m + 19. Let i be (-1)/2*(3 + -3). What is the tens digit of s(i)?
1
Suppose -5*i - 25 = 0, -5*d + 3*i + 63 + 32 = 0. Suppose 26 = -g + 3*g - 4*x, -4*g - 4*x + d = 0. What is the units digit of g?
7
Let g(v) = -6*v - 2 + v**2 + 0*v - 4. Suppose 3*u + 2 = -2*r + 33, u - 3*r = -8. What is the units digit of g(u)?
1
Suppose 27 + 16 = l - i, 4*i = 8. What is the units digit of l?
5
Suppose 2*h + 2*l = -2*h + 206, 2*l - 100 = -2*h. What is the tens digit of h?
5
What is the hundreds digit of 180/(-21)*(-3)/((-3)/(-14))?
1
Suppose h + 3*w = 11, 5*h - 9 - 7 = -2*w. Suppose -6*n = -h*n. Let a(r) = r**2 + r + 6. What is the units digit of a(n)?
6
Let l(o) = -8*o + 24. What is the units digit of l(-9)?
6
Suppose 13 = 4*n - 15. Suppose -9*x + 62 = -n*x. What is the units digit of x?
1
What is the hundreds digit of 2/7 - (9650/(-35) - -1)?
2
Let p(v) = v - 4. Let y be p(5). What is the units digit of (-12)/(-1) + y/1?
3
Let o(h) = 3*h**2 + 6*h - 17. What is the units digit of o(5)?
8
Let l(u) = u - 16. Let b be l(13). What is the units digit of b/(3/18*-1)?
8
What is the tens digit of -4 + (-2 + -33)/(-1)?
3
Let z = -12 + 71. What is the units digit of z?
9
Let i be 1/((10/(-4))/5). Let y(r) = -10*r**3 + 3*r + 1. Let b be y(i). Suppose 4*n + 23 = b. What is the units digit of n?
3
Suppose 5*k + 135 = 6*k. Suppose 5*b - k = -3*s - 2*s, -2*b = 0. What is the tens digit of s?
2
Let p = -12 + 11. Let z = p + 7. What is the units digit of z?
6
Let r = 10 - 2. Let n = r - -10. What is the tens digit of n?
1
Let z(o) = -o**3 - o**2 + o - 1. Let a(w) = -4*w**3 - 5*w**2 + 4*w - 6. Let i(y) = a(y) - 3*z(y). What is the units digit of i(-3)?
3
Suppose -3*g = g - 44. What is the tens digit of g?
1
What is the tens digit of (-926)/(-5) + -5*1/25?
8
Let o = -1 - 1. Let m be 30/4 - 1/o. Suppose -3*v - v = -m. What is the units digit of v?
2
Let k = 3 - -22. What is the units digit of k?
5
Let p(v) = -v**3 + 8*v**2 - 5*v - 5. Suppose 21 = b + 2*b. What is the units digit of p(b)?
9
Let g be 882/56 + 2/8. Suppose -4*h - 4*d + g = -88, -4*d - 64 = -4*h. What is the tens digit of h?
2
Let j(p) = p. Let h(s) = 9. Let f(i) = -h(i) + 3*j(i). What is the units digit of f(7)?
2
Let f be -2 + 3 + 4*6. Let p be 8/(-10)*f/(-10). Suppose 5*s - 11 = 4*s + p*q, 0 = -2*s - q + 22. What is the tens digit of s?
1
Let d(x) = x**3 - 6*x**2 + x + 3. Let u be (-4 - -6) + (-2 - 0). Suppose u = 4*h + h - 30. What is the units digit of d(h)?
9
Let r(b) be the second derivative of -b**5/20 - b**4/2 - 7*b**3/6 - 5*b**2/2 + b. What is the units digit of r(-5)?
5
Let z be (-2)/(16/44)*-2. Suppose -7 = -c + z. What is the units digit of c?
8
Suppose 5*k + 4*h - 9 = -0*k, -4*k + 3*h + 32 = 0. Let w(g) = -g + 5. Let a be w(k). Let n = 13 - a. What is the units digit of n?
3
Let u be 2 + 3/1 + -2. Let y(x) = -3 + u*x + 2*x - x. What is the units digit of y(3)?
9
Let s = 56 + -26. What is the tens digit of s?
3
Suppose -2*w + 0*l = 4*l - 52, -5*l - 143 = -4*w. Let g = -16 + w. Let o = g - 10. What is the units digit of o?
6
Suppose -28 = -5*k - 3. Suppose -5*i + 70 = 3*h - k, -i - 100 = -4*h. What is the tens digit of h?
2
Let w = -86 + 137. What is the tens digit of w?
5
Let n = -176 - -365. Suppose 7*s - 42 = n. What is the tens digit of s?
3
Suppose -4*b = -0*b - 116. What is the tens digit of b?
2
Let h(j) = -j**3 + j - 1. Let w(v) = 3*v**3 + 7*v**2 - 11*v. Let l(b) = -4*h(b) - w(b). What is the tens digit of l(6)?
1
Let k be 20/6*18/(-15). What is the units digit of 4 + -1 - (-11 + k)?
8
Let s be (5/(-2))/((-2)/(-12)). What is the units digit of (6/15)/((-1)/s)?
6
Let n(w) = w**2 + 8*w + 1. What is the units digit of n(-10)?
1
Let v = 172 + -26. What is the hundreds digit of v?
1
Suppose -3*a = -2*a - 48. What is the units digit of a?
8
Let j = 12 - 7. Suppose -3*z - 4*v + 23 = 0, -z - 2*v + j = 2*v. What is the units digit of z?
9
Let v(l) = 10*l + 2. Let y be v(-6). Let s be 2/1 + y/(-2). Let m = s + -20. What is the units digit of m?
1
Let k = 105 + -100. What is the units digit of k?
5
Suppose -2*a - 34 = 5*b, -a + b - 10 = -0*b. Let r = 41 + a. What is the tens digit of r?
2
Suppose -2*p + 8 + 6 = 0. Suppose -5*n - 2 = -p. What is the units digit of n?
1
Suppose z = -16 + 42. Let s = z - 36. What is the units digit of 5/s*8*-1?
4
Let u = -34 + -59. What is the units digit of (-6)/(-33) + u/(-33)?
3
Suppose 0 = 4*k + 2*q - 35 + 5, 0 = k + 4*q - 4. What is the units digit of k?
8
Let u = 29 + -19. Let s = u + -3. What is the units digit of s?
7
Let l(c) = 2*c - 7. Let g be l(6). Suppose 2*n - 30 = -g*h, 3*n + 12 = h + 57. Suppose 5*v = -4*a + 6*a + 28, -3*v = -3*a - n. What is the units digit of v?
6
Let h(v) = 6*v**2 - v + 1. Let w be h(1). Let r = w - 3. What is the units digit of r?
3
Let x(d) = -5*d + 4. Let p be x(-6). Suppose p = -8*l + 194. What is the units digit of l?
0
Suppose 0 = -y + 4*y - 9. Let f(c) = c**2 - c - 1. Let i(g) = 2*g**2. Let a(p) = -3*f(p) + i(p). What is the units digit of a(y)?
3
Let f(u) = u**2 + 35. What is the units digit of f(0)?
5
Let s(r) = -r**3 - 1. Let f(g) = 7*g**3 - g**2 + g + 5. Let h(m) = -f(m) - 5*s(m). What is the units digit of h(-2)?
2
Let v be (4/(-10))/((-5)/50). Suppose 0*x - v = -x. Suppose 0 = -x*w + 3 + 5. What is the units digit of w?
2
Let a = -21 - -290. What is the hundreds digit of a?
2
Let x = -8 + -12. Let g = 30 + x. What is the units digit of g?
0
Let v(a) = a + 9. Let d be v(-5). Let n be 1 - (1 - d - 0). Suppose -64 = -4*p - n*i, -2*i - 2 - 2 = -p. What is the units digit of p?
2
Let a = 516 - 322. What is the tens digit of a?
9
What is the tens digit of (-2)/(-7) - (-276)/14?
2
Suppose 3*h - 6 = h. Let d(q) = 2*q**2 + q - 2. Let b be d(3). Suppose -r - h*z - 29 = -3*r, -z = -2*r + b. What is the units digit of r?
7
Let o(p) = -2*p + 1. Let w be o(1). What is the tens digit of (-1 + w)*15/(-2)?
1
Let y(c) = c - 10. Let d be y(7). Let o = d + 3. What is the units digit of o/(-2) + 0 + 2?
2
Let g = -1 + 3. Suppose -g*p + 0 = -2. What is the units digit of 9*(p + -2 + 2)?
9
Suppose 3*w - 5 = 7. Let c = 0 + w. Suppose c*k - 13 = 5*r, -r = k + 2*r + 1. What is the units digit o